rivative of 8*q**2 - 7/6*q**3 + 0 + 0*q + 1/12*q**4. Determine u(6).
5
Let d(w) be the third derivative of w**4/12 - 5*w**3/6 - 7*w**2. Let r be ((-1)/(-1))/(1/6). What is d(r)?
7
Let c(l) = l**2 - l - 2. Let v(t) = 3*t**2 + t - 6. Let o(z) = 4*c(z) - v(z). Determine o(-4).
34
Suppose -v + 16 = -h - 2*h, 0 = 3*h + 9. Let x(y) = 7 - v - 1. Let f(c) = -c**2 - 2*c + 2. Let l(j) = -f(j) - 2*x(j). Determine l(-4).
8
Let s be (-16)/24 - (0 + 20/(-3)). Let j(u) = u**2 - 6*u + 6. Determine j(s).
6
Let a(i) = -2*i + 2. Let t(d) = -13*d + 9. Let x(n) = 3*a(n) - t(n). Determine x(-8).
-59
Let x = 252 - 250. Let y(o) be the second derivative of -o**x + 1/12*o**4 + o + 0 + 0*o**3. Determine y(-3).
7
Let n = 100 - 98. Let p = 18 - 13. Let r(d) = -7*d**3 + d**2 + 5*d + 1. Let y(l) = 3*l**3 - l**2 - 2*l. Let t(w) = p*y(w) + 2*r(w). Give t(n).
-2
Let g be 24/4 + -3 - -33. Suppose -2*k - k + g = 0. Let z(i) = 1 - 5*i**2 - 5*i + k*i**2 - 6*i**2. What is z(3)?
-5
Let g(v) = v**2 - 7*v + 4. Suppose -2*l - 3 = -1. Let i be (-2 - -5) + 5 + l + 0. Calculate g(i).
4
Let u(t) be the second derivative of 1/20*t**5 + 0 + 2*t**2 + 1/6*t**3 + 2*t - 1/12*t**4. Give u(0).
4
Let r be (-1 - -3) + -17 - (-5 + 3). Let h(j) = 2*j**3 + 9*j**2 + 9*j + 2. Let w(s) = -s**3 - 4*s**2 - 4*s - 1. Let y(z) = r*w(z) - 6*h(z). Determine y(2).
-3
Suppose -q = -2*s - 33, 0*q + 54 = -4*s - 2*q. Let t = s - -18. Let v(r) = r**2 - 2*r. Determine v(t).
3
Let r(a) = 2*a + 1. Let k(q) = q**2 + q - 94. Let u be k(9). Give r(u).
-7
Let i(x) be the second derivative of -x**4/12 - 2*x**3/3 - 4*x**2 + 7*x + 8. Calculate i(-4).
-8
Let j(t) = -t**2 - 7*t - 7. Let b(r) = 3*r**2 + 18*r + 22. Let u(k) = -2*b(k) - 7*j(k). Calculate u(-10).
-25
Let k(r) = r**3 - 3*r**2 - 4*r + 3. Let j(w) = -3*w**3 + 9*w**2 + 11*w + 2. Let p be j(-1). Determine k(p).
-9
Let l(a) = -2*a + 8. Suppose -5*t + 6*t = r - 17, 5*r - 121 = -4*t. Let i be ((-10)/(-15))/(2/r). Give l(i).
-6
Let r = -61 + 43. Let s = r - -22. Let v(n) = n**3 + n**2 + 4*n + 9. Let t(o) = o**2 + o + 1. Let m(y) = -5*t(y) + v(y). Calculate m(s).
0
Let s(r) be the third derivative of -r**6/120 + r**5/60 + 7*r**3/3 + r**2. Suppose -57 + 37 = -5*l, -2*l = -3*y - 8. Calculate s(y).
14
Suppose 8*s = 5*s - 9. Let b(q) = 2*q**2 - 6*q - 2. Let j(r) = 5*r**2 - 13*r - 4. Let g(a) = s*j(a) + 7*b(a). Calculate g(-5).
-12
Let j(i) = -i**3 + 3*i**2 + 5*i - 2. Suppose 8 = -3*n + 2*z + 15, 16 = 4*n + 4*z. Determine j(n).
13
Let f(i) = -5*i + 36. Let a(g) = 2*g - 12. Let j(k) = -8*a(k) - 3*f(k). What is j(-5)?
-7
Let s(f) = -2 + 1 - 8*f**2 - 2 + 249*f - 252*f. Give s(-2).
-29
Let g be (-2)/(3*(-2)/(-24)). Let u = -2 - g. Let m be (-46)/(-6) + (-4)/u. Let c(b) = -b**2 + 7*b + 3. Give c(m).
3
Let p(n) = n**2 - n - 5. Let r be (3/(-1) - -3)/(-1). Suppose r = 4*l - z - 1, -4*l + 3 + 2 = -5*z. Determine p(l).
-5
Let u(g) = g**3 - 5*g**2 - 7*g - 7. Suppose 58 + 86 = 24*x. Calculate u(x).
-13
Let c(z) be the third derivative of z**6/720 - z**5/60 + 7*z**4/24 - 3*z**2. Let v(x) be the second derivative of c(x). Give v(3).
1
Let m(w) = w + 12. Let v be m(-10). Let q(d) = -74*d**v + 2 - 5*d - 74*d**2 + 147*d**2. Determine q(-4).
6
Let q = 89 + -90. Let d(o) = 7*o**3 - o**2 + o + 1. What is d(q)?
-8
Let a(d) = 4*d. Suppose -6*w + 44 = -10. Suppose w*b = -17 - 1. Calculate a(b).
-8
Suppose -3*o - 15 = -3*r, -4*r + 0*o + o = -14. Let z(j) be the third derivative of -j**5/60 + j**4/12 + j**3/6 - 2*j**2 + 8*j. Give z(r).
-2
Let n(q) be the first derivative of -q**4/2 - 31*q**3/3 + 15*q**2/2 - 23*q - 715. Give n(-16).
-7
Let q(f) = -f - 26. Let n be ((-165)/35 - -5) + 2/(-7). Give q(n).
-26
Suppose 2*o + 2*u = -4 - 10, 2*o + 5*u = -17. Let z(s) = s - 2. Let f(p) = 0*p + 2*p - p - 1. Let n(d) = -3*f(d) + 2*z(d). Give n(o).
5
Let v = -938 - -923. Let j(u) = -2*u**2 - 31*u - 17. Give j(v).
-2
Suppose -7 + 1 = -2*g. Let z(c) = 0*c - g*c + 2*c + 2. Suppose 0 = -4*r - 12, -l - 13 = l + 3*r. Calculate z(l).
4
Let s(p) = 2*p**2 - 15*p + 26. Let h be s(6). Let g(a) = -3*a. Determine g(h).
-24
Let k(r) = -26*r - 13. Let t(n) = -n - 3. Let m(x) = -k(x) + 6*t(x). Let u be (1 - -1*1)*-4. Let c(d) = 13*d - 3. Let l(s) = u*c(s) + 5*m(s). Give l(1).
-5
Let p(j) be the first derivative of 5*j**3/3 - j**2/2 + 2*j - 74. Determine p(1).
6
Let z(n) = -5*n - 1. Let x be 400/35 + 3 + (-17)/7. Suppose x = 12*d - 16*d. Calculate z(d).
14
Let w(n) = n**2 + 6*n - 6. Let k be 1/(-3) + ((-385)/(-15))/11. Suppose 4*u + f + 26 = 0, -7*u = -k*u - 2*f + 39. Give w(u).
1
Suppose -u = 2*m + 2*u - 14, -9 = -m - 2*u. Let q(p) = -3*p**2 + 7*p**2 + 0*p - p**3 + 2*p - m. Let f = 2 + 2. Give q(f).
7
Let l(z) be the third derivative of -z**5/120 + 13*z**3/6 + 4*z**2. Let n(h) be the first derivative of l(h). Determine n(-3).
3
Let z be (3/(-2))/(2/(-12)). Let y = -6 + z. Suppose 0 = y*u - 5*u + 6. Let g(n) = 2*n**2 - 2*n - 3. What is g(u)?
9
Let l(a) = 29*a**2 + 113*a - 17. Let t be l(-4). Let m(v) = 3*v**2 + 8*v - 22. What is m(t)?
13
Let u(h) = h**2 - 5*h + 6. Let p(i) = i**3 + 6*i**2 - 4*i - 20. Let f be p(-6). Give u(f).
2
Let l(b) be the second derivative of b**3/6 - 56*b. Give l(8).
8
Let o(k) = k - 1. Let l(z) = z**2 + 12*z - 3. Let w(d) = -3*d**2 - 35*d + 8. Let a(t) = -17*l(t) - 6*w(t). Let n be a(-6). Give o(n).
2
Let n(h) = 3*h. Let u(o) = -7*o + 1. Let v(z) = 6*n(z) + 5*u(z). Give v(2).
-29
Let s(q) = 2*q**2 + 7*q + 17. Let x be s(-7). Suppose 14 = -10*t - x. Let k(l) = l + 10. What is k(t)?
2
Let c(u) be the third derivative of -u**5/60 + u**4/2 + 3*u**3/2 + 455*u**2 + 2. Calculate c(15).
-36
Let y(n) = 0 - 2 + 1. Let h(d) = 2*d**2 - d - 4. Suppose g = 2 - 4. Let t(b) = g*y(b) + h(b). What is t(2)?
4
Let r(m) be the third derivative of m**6/120 - m**4/4 - m**3/3 + 3*m**2 - 15. What is r(-4)?
-42
Suppose 0 = -k + 8 - 3. Let i(z) = -3 + 1 - z - 3 + 2*z. Give i(k).
0
Let c(i) = 3*i + 7. Let y be (-1)/(-2)*-10*1. Let t be ((-8)/y)/((30/25)/(-6)). Determine c(t).
-17
Let v(m) = -2*m**2 + 3*m + 39. Let h(c) = 3*c**2 - 3*c - 59. Let o(a) = 5*h(a) + 8*v(a). Give o(10).
7
Let f(d) = d**2 - 12*d - 3. Let h(v) = v + 1. Let y(n) = -f(n) - 6*h(n). Give y(5).
2
Suppose 29*r + 72 - 101 = 0. Let q(m) be the second derivative of m**3/6 + m**2/2 + 2*m. Give q(r).
2
Let p(z) = -2*z**2 - z - 1. Let k be p(-1). Let w(o) = 2*o - 1. Give w(k).
-5
Suppose -m + 22 = 5*u, 5*m - 60 = -5*u - 10. Let v(n) = n**3 - 7*n**2 - 4*n + 5. What is v(m)?
-23
Let a(l) = l**2 - 7*l - 7. Let s = -267 + 272. Determine a(s).
-17
Let y(i) be the second derivative of 1/6*i**3 - 7/2*i**2 + 0 - 10*i. What is y(-6)?
-13
Let h = -10 + 4. Let x(k) = 95*k - 7 - 96*k - 4 + 0. What is x(h)?
-5
Let t(z) be the first derivative of z**2/2 - 3*z - 24. Calculate t(6).
3
Suppose 0 = -4*s - 39 - 13. Let d = -8 - s. Let c(w) = w - 4. Give c(d).
1
Suppose z = 3*z - 18. Let r(g) = 4 + 3*g - 5*g**2 + 11*g**2 + 0*g**2 - z*g**2. What is r(3)?
-14
Let h(n) = -n - 3. Let j be h(-6). Let x(s) = -1 - 3*s**2 + 2 - s**j + 13*s - 15*s. Give x(-2).
1
Let t(s) = 2*s + s**2 - 1 - 3*s + 0. Let v = 3157 + -3154. Calculate t(v).
5
Let r = 493 - 483. Let x(d) = d**2 - 13*d + 10. Calculate x(r).
-20
Suppose 296 = 3*r - 586. Let g be r/77 + (-2)/(-11). Let c(y) = 5*y + y + g*y**2 - y**3 + 0*y**3 - 2. What is c(5)?
3
Suppose -5 - 10 = -5*d. Suppose -3*h - d*q + 12 = 0, 3*h - 6*h + 12 = -4*q. Let r(j) = j. Calculate r(h).
4
Suppose 2*j = -4*y - 6, 3*j - 8 = -5*y - 17. Let l(k) = 3*k**2 + k + 6. Calculate l(j).
30
Let x(y) = 7*y**3 + 2*y**2 + 5*y - 6*y**3 - 14*y**3 - 9*y**3 - 4*y. What is x(-1)?
23
Let c(r) = -r**3 + 6*r**2 - r - 1. Let h be -5 - -9 - 5*1. Let u be 3/(-3) + (-2 - (h - 8)). Calculate c(u).
-7
Let z(i) = i**2 - 8*i - 7. Suppose -27*m + 46*m = 171. Calculate z(m).
2
Let k(r) be the first derivative of r**3/3 + 6*r - 169. Suppose 0 = 3*d - 8*d + 50. Suppose -4*v + d = -5*f, 4*v + 3*f = -f - 8. Calculate k(v).
6
Let m = 64 - 61. Let l(o) = 0 + o**3 - 2 + 0*o**m + 20*o**2 - 18*o**2. Calculate l(-3).
-11
Let n(k) = 2*k + 4. Let s be (0/(-2))/((-10 - -9)*-1). Calculate n(s).
4
Let g(u) = -u**2 - 2*u - 12. Let b(w) = -2*w**3 - 10*w**2 - 2*w - 10. Let m be b(-5). Determine g(m).
-12
Let x(j) = j**2 + j - 5. Let y be (-3)/((-6)/(-40))*48/15. Let i = y + 64. Calculate x(i).
-5
Let g(v) = -4*v